prime factors of i?
2, 11
Let w(z) = z**2 + 4*z - 4. Let l be w(-4). What are the prime factors of (6/4)/(l/(-24))?
3
Suppose 3*a - i - 1 - 11 = 0, 2*i - 12 = -3*a. List the prime factors of a.
2
Suppose 21 = 5*f - 9. Let d be (-3)/((-2)/2 - 0). Suppose -d*u - 6 = -f*u. List the prime factors of u.
2
Let h be 3 - (-5 - -2 - -2). Suppose 3*z - 5*s = -11, -3*s + 37 = h*z + 13. Suppose 8*d = z*d + 80. What are the prime factors of d?
2
Suppose 4*j - 13 = 59. What are the prime factors of j?
2, 3
Let c(o) = o - 8. Let k be c(7). Let h be k + (-5)/(5/(-4)). Suppose h*y + 0 = 21. What are the prime factors of y?
7
Suppose 3*z + 72 = 5*j, -2*z = 3*j - 22 - 6. Let l = -9 + j. List the prime factors of l.
3
Let g(r) = 7 + 2*r**2 + 4*r + 8*r - 5*r - 6. List the prime factors of g(-5).
2
Suppose 2*t + 2*o = -o + 109, -t + 3*o + 32 = 0. What are the prime factors of t?
47
Suppose -5*b - 7 = -17. Let v be -3 + 0*(1 - b). Let n = v - -10. List the prime factors of n.
7
Let r = 184 - 18. List the prime factors of r.
2, 83
Let v = 4 + -4. Suppose -5*r + 55 = -v*r. What are the prime factors of r?
11
Suppose 0 = -5*f - 6 - 14. Suppose -48 = -5*p + 2. Let w = f + p. List the prime factors of w.
2, 3
Let k = 1 - 3. Let z be (-1)/((-10)/4 - k). Suppose -4*a + z*a + 6 = 0. List the prime factors of a.
3
Let t = -139 - -203. Suppose -28 - t = -4*b. List the prime factors of b.
23
Let l be (-6 - -9)/((-3)/22). Let c = 35 + l. List the prime factors of c.
13
Let v(b) = -b + 16. Let p be v(9). Let x = p + -2. Suppose 5*y - 5*s + 10 = -0*y, -4*y - 12 = -x*s. What are the prime factors of y?
2
Suppose -36 = 4*s - z, -5*z = -2*s - 2*z - 8. Let m = 5 + s. Let c(r) = -r**2 - 5*r + 2. What are the prime factors of c(m)?
2
Let u be ((-2)/4)/((-4)/(-72)). Let g = 4 + u. Let x(k) = -k**3 - 4*k**2 + 6*k + 7. What are the prime factors of x(g)?
2
Let q(f) = f**3 + 5*f**2 - 8*f + 1. Let d be q(-6). Suppose -3*t + 2*t + d = 0. What are the prime factors of t?
13
Suppose j = -4 - 14. Let n = 37 + j. What are the prime factors of n?
19
Let u(y) = -3*y. Let v be u(-4). Suppose -4*d + v = -0*d. What are the prime factors of d?
3
Suppose -5*v = 0, 2*k - 128 = -2*k + 4*v. What are the prime factors of k?
2
Let l(w) = 16*w + 3. Let i be l(4). Suppose -n + i = -0*n. Suppose n = 5*r - 5*v + 27, -5*v = -r + 4. What are the prime factors of r?
3
Let c = -1 - 1. Let h(q) = -3*q**3 - 4*q**2 - 3*q - 2. List the prime factors of h(c).
2, 3
Suppose 2*k = 10, -5*b + 5*k = -0*k + 5. Suppose 25 = b*x + 5. List the prime factors of x.
5
Let m(t) = -t - 1. Let w be m(-9). Let r be -2 - (w - (-6)/(-3)). List the prime factors of (r/(-16))/((-1)/(-30)).
3, 5
Let d be 1/(1*3/(-27)). Suppose -2*j - c = -0*c - 27, 4*j + 3*c = 49. Let q = j + d. What are the prime factors of q?
7
Suppose 0 = 2*j + 4, 157 + 140 = 5*r + 4*j. Let s = r + -42. List the prime factors of s.
19
Let g(f) = f**2 - 2*f + 3. Let p(i) be the third derivative of i**5/30 + i**4/8 + i**3/6 + i**2. Let o be p(-2). List the prime factors of g(o).
2, 3
What are the prime factors of 666/9 - -2*1?
2, 19
Suppose -2*l + 4*h = -3*l - 17, 0 = -l + 3*h + 11. Let z = 1 + -1. What are the prime factors of 7 - (z + l + 1)?
7
Let q(p) = p**3 + 10*p**2 - 14*p - 13. List the prime factors of q(-10).
127
Let i(d) be the second derivative of -d**5/20 + d**4/6 + d**3/3 - d**2 - 3*d. List the prime factors of i(2).
2
Let t(b) = b**3 + 2*b**2 - 2*b + 1. Let f be t(1). Let h(m) = 5 + 3*m**f + 2*m - 2*m**2 + 0*m**2 - 2. What are the prime factors of h(-5)?
2, 3
Let r be 3*((-30)/(-9) - -2). Suppose -5*f + r = -4*i, 0 = -4*i - 3*f - 5 - 43. List the prime factors of (-4)/18 - 20/i.
2
Suppose -3*m + 6 = 0, 3*l + 0*l = 2*m - 1. Let w be (-1 - l)*(3 + -2). Let u = 7 + w. What are the prime factors of u?
5
Let d = -11 + -1. Let u be ((-135)/d)/(6/16). Suppose -i - 4*i + u = 0. What are the prime factors of i?
2, 3
Suppose 20*q = 23*q + 12. Let s be 1/(1*(-2)/2). What are the prime factors of (45/(-12) - s)*q?
11
Let c(x) = -2 - 2*x + 0 + 8 + 1 + 4*x**2. List the prime factors of c(3).
37
Let h(v) = v**2 + 5*v + 4. Let i be h(-6). Suppose -3*o + i = 4. Suppose q = 3 + o. What are the prime factors of q?
5
Let w = -218 + 501. What are the prime factors of w?
283
Let u(y) = y**3 + 15*y**2 - 2. Let m be u(-15). Let b = 41 - m. What are the prime factors of b?
43
Let k(x) be the first derivative of x**4/4 + 3*x**3 - x**2/2 - 2*x + 1. What are the prime factors of k(-9)?
7
Suppose -69 = -2*o - 3*t, -2*o + 101 = o + 4*t. List the prime factors of o.
3
Suppose 0 = z - 3*z - 36. Let n be ((-24)/z)/((-1)/(-12)). Suppose -66 + n = -5*c. What are the prime factors of c?
2, 5
Suppose 2 = -4*r + 10. Suppose 0*j - i + 64 = 2*j, 5*j - 159 = -r*i. What are the prime factors of j?
31
What are the prime factors of -2 - (-2691)/15 - 4/10?
3, 59
Suppose -h - h = -12. Suppose -2*l = 5*s + 17, -2*l - h - 2 = 2*s. List the prime factors of (2*s)/(1 + -2).
2, 3
Let m = -30 - -53. List the prime factors of m.
23
Let h(r) = -r - 6. Let z be h(-8). What are the prime factors of 2 - (1 + z + -30)?
29
Let r be (75/(-4))/((-4)/16). Suppose 3*q - r = -3*n, 3*q - 58 = q + 2*n. List the prime factors of q.
3
Suppose -5*o = -5*a - 160, -5*o - 2*a + 6 = -140. List the prime factors of o.
2, 3, 5
Suppose 0 = -n - n + 8. Suppose -45 = n*a + 47. What are the prime factors of (0 - -1) + (-6 - a)?
2, 3
Let g be 1*-1 - 10/(-5). Suppose -4*y + 11 = -g. What are the prime factors of y?
3
Suppose 0 = 11*o - 13*o + 184. What are the prime factors of o?
2, 23
Suppose 0 = 5*i + 2 + 8. List the prime factors of ((-32)/4)/(i/4).
2
Suppose 0*p = -3*i - 5*p - 10, p = 3*i - 2. Suppose -g = -3*o - 2*g - 26, g = 4*o + 23. Let n = i - o. List the prime factors of n.
7
Suppose 3*z - 10*c + 9*c - 314 = 0, 0 = -z + c + 106. What are the prime factors of z?
2, 13
Let i be 2 + -1 + -1 - -10. What are the prime factors of (8/i)/((-4)/(-20))?
2
Let t(n) = -2 - 1 - 6*n + 2 + 2*n**2. List the prime factors of t(5).
19
Let v(d) = -2*d - 2. Let p = -3 - 3. Let t be v(p). Let c = t + -3. What are the prime factors of c?
7
Suppose 0*m + m - 111 = 3*a, -3*m - 199 = 5*a. Let f = a - -62. Suppose 3*y - 19 = -2*t, f - 8 = -4*t. What are the prime factors of y?
3
Suppose 3*n + z = 4*z + 48, 0 = 3*n - 4*z - 51. Let q = n - -17. List the prime factors of q.
2, 3, 5
What are the prime factors of 1 + 2/(2/45)?
2, 23
Let d = -119 + 171. Let q = d - 31. What are the prime factors of q?
3, 7
What are the prime factors of 36/20*(4 - -1)?
3
Let a = -8 - -9. Suppose q - a = 1. Suppose -q*j + j + 11 = 0. What are the prime factors of j?
11
Let l = 6 + 21. List the prime factors of l.
3
Let q = -11 - -15. Suppose 10 = -3*b + q*n + 45, b - 37 = -5*n. What are the prime factors of b?
17
Let w = -3 - -6. Suppose -y + w = 1. List the prime factors of y.
2
Let x be 65 - (-1 - 8/(-2)). Suppose -34 = -4*i + x. List the prime factors of i.
2, 3
Let z(o) = -o**2 + 10*o - 4. Let g be z(9). Suppose -g*b + 215 = 2350. What are the prime factors of (-2)/(-9) - b/63?
7
Suppose 0 = 2*m - 6*m + 480. Let i = m + -86. List the prime factors of i.
2, 17
Let o(y) = y + 13. Let t be o(-11). Suppose 3*a - 40 = -t*a. List the prime factors of a.
2
Let t be 5 + (0 - 2 - -1). Suppose -b - 42 = -5*l + 74, 0 = l - 5*b - t. Suppose -5*r = -4*p - 88, -28 = -3*r + 2*p + l. What are the prime factors of r?
2
Let t = 2 - 0. Suppose 0 = -t*g + g. Suppose g = -u + 1 + 4. List the prime factors of u.
5
Suppose -3*z + 6 = -0*z. Let k(r) be the second derivative of -r**5/20 + r**4/4 + r**3/2 - r**2 - r. What are the prime factors of k(z)?
2
Let n(w) = -w**3 - 8*w**2 - 5*w + 1. Let y(q) = 2*q**3 + 20*q**2 + 12*q - 2. Let c(b) = -12*n(b) - 5*y(b). What are the prime factors of c(3)?
2
Let q be 33/6 + (-2)/4. Suppose q*l - 24 = 2*l. What are the prime factors of l?
2
Suppose -130 - 106 = -4*l. Let w = -34 + l. List the prime factors of w.
5
Suppose x = 2 - 17. Let g = 4 - x. List the prime factors of g.
19
Let i = 19 - 22. List the prime factors of ((-19)/i + -4)*6.
2, 7
Suppose 3*a = 3*f + 5*a - 147, -f + 3*a + 49 = 0. List the prime factors of f.
7
Let u = -2 + 0. Let d be (-1)/(u*1/10). Suppose -d*c + 76 = 16. List the prime factors of c.
2, 3
Let q(r) = -45*r - 3. Let a be q(-2). 